{"id":1093,"date":"2020-11-19T13:24:04","date_gmt":"2020-11-19T16:24:04","guid":{"rendered":"https:\/\/ens30-sfe.infd.edu.ar\/sitio\/?page_id=1093"},"modified":"2026-05-05T21:17:52","modified_gmt":"2026-05-06T00:17:52","slug":"examenes-online","status":"publish","type":"page","link":"https:\/\/ens30-sfe.infd.edu.ar\/sitio\/examenes-online\/","title":{"rendered":"ADSCRIPCIONES 2026"},"content":{"rendered":"<p><b>Convocatoria para adscripciones 2026<\/b><\/p>\n<p><span style=\"font-weight: 400;\">Seg\u00fan el Decreto N\u00ba 4199\/15 \u201cR.A.M.\u201d, T\u00edtulo 6, cap\u00edtulos 1 y\u00a0 2, <\/span><i><span style=\"font-weight: 400;\">se abren adscripciones<\/span><\/i><span style=\"font-weight: 400;\">. <\/span><a href=\"https:\/\/docs.google.com\/document\/d\/1UOHtvJxdaeZHTAsX3dB44MNNdxzCePjU\/edit\"><b>Ver anexo<\/b><\/a><span style=\"font-weight: 400;\"> para conocer los alcances de la tarea y puntaje en antecedentes docentes.<\/span><\/p>\n<p><span style=\"font-weight: 400;\">Los espacios curriculares disponibles de <\/span><b>adscribir<\/b><span style=\"font-weight: 400;\"> son los siguientes:<\/span><\/p>\n<p><span style=\"font-weight: 400;\">&#8211;<\/span><span style=\"font-weight: 400;\">Taller de Pr\u00e1ctica I<\/span><span style=\"font-weight: 400;\"> \u2013 1\u00ba a\u00f1o &#8211; Profesorado de Educaci\u00f3n Inicial \u2013 <\/span><i><span style=\"font-weight: 400;\">Prof. Luc\u00eda P\u00e9rez<\/span><\/i><\/p>\n<p><span style=\"font-weight: 400;\">&#8211;<\/span><span style=\"font-weight: 400;\">Comunicaci\u00f3n Oral y Escrita<\/span><span style=\"font-weight: 400;\"> \u2013 1\u00ba a\u00f1o &#8211; Profesorados de Educaci\u00f3n Inicial y Primaria \u2013<\/span><i><span style=\"font-weight: 400;\"> Prof. Juliana Maillard<\/span><\/i><\/p>\n<p><span style=\"font-weight: 400;\">-Literatura y su Did\u00e1ctica <\/span><span style=\"font-weight: 400;\">&#8211; 2\u00ba a\u00f1o \u2013 Profesorado de Educaci\u00f3n Inicial &#8211; <\/span><i><span style=\"font-weight: 400;\">Prof. Paula Y\u00f3dice<\/span><\/i><\/p>\n<p><span style=\"font-weight: 400;\">-Lengua y su Did\u00e1ctica <\/span><span style=\"font-weight: 400;\">\u00a0\u2013 2\u00ba a\u00f1o \u2013 Profesorado de Educaci\u00f3n Inicial y Primaria \u2013 <\/span><i><span style=\"font-weight: 400;\">Prof. Juliana Maillard<\/span><\/i><\/p>\n<p><span style=\"font-weight: 400;\">-Matem\u00e1tica y su Did\u00e1ctica I<\/span><span style=\"font-weight: 400;\"> \u2013 2\u00ba a\u00f1o \u2013 Profesorado de Educaci\u00f3n Inicial y Primaria \u2013 <\/span><i><span style=\"font-weight: 400;\">Prof. Valeria Peres\u00f3n<\/span><\/i><\/p>\n<p><span style=\"font-weight: 400;\">-Matem\u00e1tica y su Did\u00e1ctica II<\/span><span style=\"font-weight: 400;\"> \u2013 3\u00ba a\u00f1o \u2013 Profesorado de Educaci\u00f3n Inicial y Primaria \u2013 <\/span><i><span style=\"font-weight: 400;\">Prof. Valeria Peres\u00f3n<\/span><\/i><\/p>\n<p><span style=\"font-weight: 400;\">-Alfabetizaci\u00f3n Inicial <\/span><span style=\"font-weight: 400;\">\u2013 3\u00ba a\u00f1o \u2013 Profesorado de Educaci\u00f3n Inicial y Primaria- <\/span><i><span style=\"font-weight: 400;\">Prof. Juliana Maillard<\/span><\/i><\/p>\n<p><span style=\"font-weight: 400;\">-Literatura y su Did\u00e1ctica<\/span><span style=\"font-weight: 400;\"> \u2013 3\u00ba a\u00f1o \u2013 Profesorado de Educaci\u00f3n Inicial y Primaria- <\/span><i><span style=\"font-weight: 400;\">Prof. Juliana Maillard<\/span><\/i><\/p>\n<p><span style=\"font-weight: 400;\">&#8211;<\/span><span style=\"font-weight: 400;\">Ciencias Naturales y su Did\u00e1ctica II<\/span><span style=\"font-weight: 400;\"> \u2013 3\u00ba a\u00f1o \u2013 Profesorado de Educaci\u00f3n Primaria \u2013 <\/span><i><span style=\"font-weight: 400;\">Prof. Carla Lapasini<\/span><\/i><\/p>\n<p><span style=\"font-weight: 400;\">&#8211;<\/span><span style=\"font-weight: 400;\">\u00c9tica, Trabajo Docente, Derechos Humanos y Ciudadan\u00eda<\/span><span style=\"font-weight: 400;\"> \u2013 4\u00ba a\u00f1o &#8211; Profesorados de Educaci\u00f3n Inicial y Primaria \u2013 <\/span><i><span style=\"font-weight: 400;\">Prof. Mariano Montero<\/span><\/i><\/p>\n<p><span style=\"font-weight: 400;\">Los interesados se podr\u00e1n inscribir a los espacios curriculares que consideren.<\/span><\/p>\n<p><span style=\"font-weight: 400;\">Deben enviar al correo <\/span><a href=\"mailto:30nsuperior@gmail.com\"><span style=\"font-weight: 400;\">30nsuperior@gmail.com<\/span><\/a><span style=\"font-weight: 400;\"> lo solicitado a continuaci\u00f3n:<\/span><\/p>\n<p><b>Requisitos:<\/b><\/p>\n<ul>\n<li style=\"font-weight: 400;\" aria-level=\"1\"><span style=\"font-weight: 400;\">Una nota dirigida a la Vice Rectora de la E.N.S. N\u00ba 30, especificando datos personales completos, (incluyendo contacto telef\u00f3nico y e-mail)<\/span><\/li>\n<li style=\"font-weight: 400;\" aria-level=\"1\"><span style=\"font-weight: 400;\">Fotocopia del DNI.<\/span><\/li>\n<li style=\"font-weight: 400;\" aria-level=\"1\"><span style=\"font-weight: 400;\">Fotocopia del T\u00edtulo docente o Certificado Anal\u00edtico del t\u00edtulo.<\/span><\/li>\n<li style=\"font-weight: 400;\" aria-level=\"1\"><span style=\"font-weight: 400;\">Enviar curriculum narrado\/trayectoria profesional explicitando a qu\u00e9 espacio curricular desea adscribir y por qu\u00e9. (Hoja A4, Arial 11, interlineado 1,5 cm, texto justificado, m\u00e1rgenes moderado, extensi\u00f3n m\u00e1xima 1 p\u00e1gina)<\/span><\/li>\n<\/ul>\n<h2 style=\"text-align: center;\"><b><i>El per\u00edodo de convocatoria e inscripci\u00f3n<\/i><\/b><\/h2>\n<h2 style=\"text-align: center;\"><b><i> se realizar\u00e1 del 27 de abril al 8 de mayo.<\/i><\/b><\/h2>\n<p>Para m\u00e1s informaci\u00f3n <a href=\"https:\/\/docs.google.com\/document\/d\/1UOHtvJxdaeZHTAsX3dB44MNNdxzCePjU\/edit\">aqu\u00ed<\/a> la nota completa<\/p>\n<p style=\"text-align: center;\">\n","protected":false},"excerpt":{"rendered":"<p>Convocatoria para adscripciones 2026 Seg\u00fan el Decreto N\u00ba 4199\/15 \u201cR.A.M.\u201d, T\u00edtulo 6, cap\u00edtulos 1 y\u00a0 2, se abren adscripciones. Ver anexo para conocer los alcances de la tarea y puntaje en antecedentes docentes. Los espacios curriculares disponibles de adscribir son los siguientes: &#8211;Taller de Pr\u00e1ctica I \u2013 1\u00ba a\u00f1o &#8211; Profesorado de Educaci\u00f3n Inicial \u2013 &#8230; <a title=\"ADSCRIPCIONES 2026\" class=\"read-more\" href=\"https:\/\/ens30-sfe.infd.edu.ar\/sitio\/examenes-online\/\" aria-label=\"More on ADSCRIPCIONES 2026\">[+]<\/a><\/p>\n","protected":false},"author":417,"featured_media":0,"parent":0,"menu_order":0,"comment_status":"closed","ping_status":"closed","template":"","meta":[],"acf":[],"_links":{"self":[{"href":"https:\/\/ens30-sfe.infd.edu.ar\/sitio\/wp-json\/wp\/v2\/pages\/1093"}],"collection":[{"href":"https:\/\/ens30-sfe.infd.edu.ar\/sitio\/wp-json\/wp\/v2\/pages"}],"about":[{"href":"https:\/\/ens30-sfe.infd.edu.ar\/sitio\/wp-json\/wp\/v2\/types\/page"}],"author":[{"embeddable":true,"href":"https:\/\/ens30-sfe.infd.edu.ar\/sitio\/wp-json\/wp\/v2\/users\/417"}],"replies":[{"embeddable":true,"href":"https:\/\/ens30-sfe.infd.edu.ar\/sitio\/wp-json\/wp\/v2\/comments?post=1093"}],"version-history":[{"count":4,"href":"https:\/\/ens30-sfe.infd.edu.ar\/sitio\/wp-json\/wp\/v2\/pages\/1093\/revisions"}],"predecessor-version":[{"id":1531,"href":"https:\/\/ens30-sfe.infd.edu.ar\/sitio\/wp-json\/wp\/v2\/pages\/1093\/revisions\/1531"}],"wp:attachment":[{"href":"https:\/\/ens30-sfe.infd.edu.ar\/sitio\/wp-json\/wp\/v2\/media?parent=1093"}],"curies":[{"name":"wp","href":"https:\/\/api.w.org\/{rel}","templated":true}]}}