{"id":847,"date":"2018-08-31T14:58:31","date_gmt":"2018-08-31T17:58:31","guid":{"rendered":"https:\/\/ens30-sfe.infd.edu.ar\/sitio\/datos-institucionales\/"},"modified":"2023-03-07T11:41:14","modified_gmt":"2023-03-07T14:41:14","slug":"datos-institucionales","status":"publish","type":"page","link":"https:\/\/ens30-sfe.infd.edu.ar\/sitio\/datos-institucionales\/","title":{"rendered":"Datos institucionales"},"content":{"rendered":"<blockquote>\n<ul>\n<li><span style=\"font-size: 10pt; font-family: verdana;\">Escuela Normal Superior N\u00ba 30 \u00abD.F.Sarmiento\u00bb <strong>Nivel Terciario<\/strong><\/span><\/li>\n<li><span style=\"font-size: 10pt; font-family: verdana;\">Horarios de atenci\u00f3n: <strong>Lunes a viernes de 16 a 21. Planta alta<\/strong><\/span><\/li>\n<li><span style=\"font-size: 10pt; font-family: verdana;\">Direcci\u00f3n: Sarmiento 2644<\/span><\/li>\n<li>E-mail: <strong><span style=\"color: #164fd4;\">30nsuperior@gmail.com<\/span><\/strong><\/li>\n<li><span style=\"font-size: 10pt; font-family: verdana;\">Tel\u00e9fonos: 03496-420323 \/ 426993. Interno 36<br \/>\n<\/span><\/li>\n<li><span style=\"font-size: 10pt; font-family: verdana;\">Sitio Web del Campus: <strong><span style=\"color: #000000;\">ens30.sfe.indf.edu.ar<\/span><\/strong><\/span><\/li>\n<li><span style=\"font-size: 10pt; font-family: verdana;\"><span style=\"color: #000000;\">E-mail para comunicarse con el Administrador del Campus: <\/span><\/span><strong><span style=\"color: #164fd4;\">susana.ebeling@gmail.com <\/span><\/strong><\/li>\n<\/ul>\n<\/blockquote>\n","protected":false},"excerpt":{"rendered":"<p>Escuela Normal Superior N\u00ba 30 \u00abD.F.Sarmiento\u00bb Nivel Terciario Horarios de atenci\u00f3n: Lunes a viernes de 16 a 21. Planta alta Direcci\u00f3n: Sarmiento 2644 E-mail: 30nsuperior@gmail.com Tel\u00e9fonos: 03496-420323 \/ 426993. Interno 36 Sitio Web del Campus: ens30.sfe.indf.edu.ar E-mail para comunicarse con el Administrador del Campus: susana.ebeling@gmail.com<\/p>\n","protected":false},"author":417,"featured_media":0,"parent":0,"menu_order":0,"comment_status":"closed","ping_status":"closed","template":"","meta":[],"acf":[],"_links":{"self":[{"href":"https:\/\/ens30-sfe.infd.edu.ar\/sitio\/wp-json\/wp\/v2\/pages\/847"}],"collection":[{"href":"https:\/\/ens30-sfe.infd.edu.ar\/sitio\/wp-json\/wp\/v2\/pages"}],"about":[{"href":"https:\/\/ens30-sfe.infd.edu.ar\/sitio\/wp-json\/wp\/v2\/types\/page"}],"author":[{"embeddable":true,"href":"https:\/\/ens30-sfe.infd.edu.ar\/sitio\/wp-json\/wp\/v2\/users\/417"}],"replies":[{"embeddable":true,"href":"https:\/\/ens30-sfe.infd.edu.ar\/sitio\/wp-json\/wp\/v2\/comments?post=847"}],"version-history":[{"count":1,"href":"https:\/\/ens30-sfe.infd.edu.ar\/sitio\/wp-json\/wp\/v2\/pages\/847\/revisions"}],"predecessor-version":[{"id":1271,"href":"https:\/\/ens30-sfe.infd.edu.ar\/sitio\/wp-json\/wp\/v2\/pages\/847\/revisions\/1271"}],"wp:attachment":[{"href":"https:\/\/ens30-sfe.infd.edu.ar\/sitio\/wp-json\/wp\/v2\/media?parent=847"}],"curies":[{"name":"wp","href":"https:\/\/api.w.org\/{rel}","templated":true}]}}