{"id":861,"date":"2018-08-31T14:58:36","date_gmt":"2018-08-31T17:58:36","guid":{"rendered":"https:\/\/ens30-sfe.infd.edu.ar\/sitio\/fechas-de-examenes\/"},"modified":"2025-12-23T13:59:20","modified_gmt":"2025-12-23T16:59:20","slug":"fechas-de-examenes","status":"publish","type":"page","link":"https:\/\/ens30-sfe.infd.edu.ar\/sitio\/fechas-de-examenes\/","title":{"rendered":"Fechas de EX\u00c1MENES"},"content":{"rendered":"<p style=\"text-align: center;\"><span style=\"color: #26c5e3; font-family: 'arial black', 'avant garde';\"><span style=\"font-size: 24px;\"><strong style=\"color: #26c5e3; font-family: 'arial black', 'avant garde'; font-size: 24px;\">\u00a0EX\u00c1MENES Febrero-Marzo 2026<\/strong><\/span><\/span><\/p>\n<p style=\"text-align: center;\">Primer Turno &#8211; 2 Llamados<\/p>\n<p style=\"text-align: center;\"><span style=\"color: #ff0000; font-size: 12pt;\"><strong><span style=\"color: #ff0000; font-size: 12pt;\">Estos Horarios pueden estar sujetos a modificaciones<\/span><\/strong><\/span><\/p>\n<p><a href=\"https:\/\/ens30-sfe.infd.edu.ar\/sitio\/wp-content\/uploads\/2025\/12\/EXAMENES-FEB-MAR-26.xlsx\">EX\u00c1MENES FEBRERO MARZO 2026<\/a><\/p>\n<p>\u00a0<\/p>\n<h2 style=\"text-align: center;\">Fechas de Inscripci\u00f3n<\/h2>\n<h3 style=\"text-align: center;\"><em><strong>Del 09-02-2026 al 13-02-2026<\/strong><\/em><\/h3>\n<p>\u00a0<\/p>\n<table style=\"width: 100%; height: 100px;\" border=\"0\" align=\"center\">\n<tbody>\n<tr>\n<td style=\"width: 290px;\">\n<p style=\"text-align: center;\">\u00a0<\/p>\n<\/td>\n<td style=\"width: 290px;\">\u00a0<\/td>\n<\/tr>\n<tr>\n<td style=\"width: 290px;\">\u00a0<\/td>\n<td style=\"width: 10px;\">\u00a0<\/td>\n<\/tr>\n<\/tbody>\n<\/table>\n<table style=\"width: 100%; height: 307px; border: 3px solid #050505;\" border=\"3\" align=\"center\">\n<tbody>\n<tr>\n<td style=\"width: 309px; border: 1px solid #ffffff;\">\u00a0<\/td>\n<td style=\"width: 310px; border: 1px solid #ffffff;\" valign=\"top\">\n<p style=\"text-align: center;\"><span style=\"font-family: verdana,geneva; font-size: 18pt; color: #ff6600;\"><strong>\u00a1\u00a1\u00a1ATENCI\u00d3N!!!<\/strong><\/span><\/p>\n<p style=\"text-align: justify;\"><span style=\"font-family: arial,helvetica,sans-serif;\"><span style=\"font-size: 10pt;\">L<\/span><span style=\"font-size: 10pt;\">as Inscripciones Online se realizan s\u00f3lo a trav\u00e9s del<\/span> <span style=\"font-size: 12pt;\"><strong>CAMPUS<\/strong><\/span>.<\/span><\/p>\n<p style=\"text-align: justify;\"><span style=\"font-family: arial,helvetica,sans-serif; font-size: 10pt;\"><span style=\"font-family: arial,helvetica,sans-serif; font-size: 10pt;\">Espec\u00edficamente en el Aula Virtual \u00ab<\/span><em><strong>INSCRIPCI\u00d3N ONLINE a EX\u00c1MENES<\/strong><\/em>\u00ab, la cual estar\u00e1 habilitada para tal fin, en los per\u00edodos en que ellas se lleven a cabo.<br \/><\/span><\/p>\n<\/td>\n<td style=\"border: 1px solid #ffffff;\" valign=\"top\">\u00a0<\/td>\n<\/tr>\n<\/tbody>\n<\/table>\n\n\n<p><\/p>\n","protected":false},"excerpt":{"rendered":"<p>\u00a0EX\u00c1MENES Febrero-Marzo 2026 Primer Turno &#8211; 2 Llamados Estos Horarios pueden estar sujetos a modificaciones EX\u00c1MENES FEBRERO MARZO 2026 \u00a0 Fechas de Inscripci\u00f3n Del 09-02-2026 al 13-02-2026 \u00a0 \u00a0 \u00a0 \u00a0 \u00a0 \u00a0 \u00a1\u00a1\u00a1ATENCI\u00d3N!!! Las Inscripciones Online se realizan s\u00f3lo a trav\u00e9s del CAMPUS. Espec\u00edficamente en el Aula Virtual \u00abINSCRIPCI\u00d3N ONLINE a EX\u00c1MENES\u00ab, la cual &#8230; <a title=\"Fechas de EX\u00c1MENES\" class=\"read-more\" href=\"https:\/\/ens30-sfe.infd.edu.ar\/sitio\/fechas-de-examenes\/\" aria-label=\"More on Fechas de EX\u00c1MENES\">[+]<\/a><\/p>\n","protected":false},"author":417,"featured_media":0,"parent":0,"menu_order":0,"comment_status":"closed","ping_status":"closed","template":"","meta":[],"acf":[],"_links":{"self":[{"href":"https:\/\/ens30-sfe.infd.edu.ar\/sitio\/wp-json\/wp\/v2\/pages\/861"}],"collection":[{"href":"https:\/\/ens30-sfe.infd.edu.ar\/sitio\/wp-json\/wp\/v2\/pages"}],"about":[{"href":"https:\/\/ens30-sfe.infd.edu.ar\/sitio\/wp-json\/wp\/v2\/types\/page"}],"author":[{"embeddable":true,"href":"https:\/\/ens30-sfe.infd.edu.ar\/sitio\/wp-json\/wp\/v2\/users\/417"}],"replies":[{"embeddable":true,"href":"https:\/\/ens30-sfe.infd.edu.ar\/sitio\/wp-json\/wp\/v2\/comments?post=861"}],"version-history":[{"count":66,"href":"https:\/\/ens30-sfe.infd.edu.ar\/sitio\/wp-json\/wp\/v2\/pages\/861\/revisions"}],"predecessor-version":[{"id":1507,"href":"https:\/\/ens30-sfe.infd.edu.ar\/sitio\/wp-json\/wp\/v2\/pages\/861\/revisions\/1507"}],"wp:attachment":[{"href":"https:\/\/ens30-sfe.infd.edu.ar\/sitio\/wp-json\/wp\/v2\/media?parent=861"}],"curies":[{"name":"wp","href":"https:\/\/api.w.org\/{rel}","templated":true}]}}